(u) = -6*u**3 - 15*u**2 + 8*u + 18. Determine g(-3).
21
Let p(m) = m**3 - 6*m**2 + 6*m - 8. Calculate p(4).
-16
Let r(i) = i**2 - 22*i + 115. Determine r(9).
-2
Let b(m) = -2*m**3 + m**2 + 2*m. Calculate b(0).
0
Let b(l) = -3*l**3 + 5*l**2 - 10*l + 9. What is b(3)?
-57
Let a(r) = -r**3 + 3*r**2 - 3*r + 1. What is a(2)?
-1
Let j(m) = m**3 + m**2 - 6*m - 5. Give j(-2).
3
Let k(n) = -11*n**3 - n**2 - n - 1. Calculate k(-1).
10
Let m(g) = -g**2 + 36*g - 33. Determine m(34).
35
Let k(l) = -2*l + 14. Determine k(5).
4
Let n(t) = -t - 5. Give n(-11).
6
Let s(m) = m**2 - 6*m - 3. Give s(12).
69
Let w(u) = -u**3 + 3*u**2 - 4*u + 3. Calculate w(3).
-9
Let t(y) = y**2 + 11*y + 6. Determine t(-7).
-22
Let d(m) = -6*m + 6. Determine d(-6).
42
Let s(u) = -u**2 + 8*u - 5. Give s(5).
10
Let r(h) = -h**2 + 5*h - 12. Determine r(9).
-48
Let q(r) = 2*r. Determine q(-6).
-12
Let l(t) = 3*t**2 - 21*t + 35. Give l(7).
35
Let g(i) = -i**3 + 4*i**2 + 15*i + 1. Give g(7).
-41
Let a(j) = 18*j + 59. Give a(-4).
-13
Let k(n) = -n**3 - 10*n**2 + 9. Determine k(-10).
9
Let b(r) = -r**2 + 11*r - 4. Determine b(7).
24
Let b(w) = 3*w**3 + 21*w**2 - 4*w - 1. Calculate b(-7).
27
Let t(a) = -a**3 + 5*a**2 + 7*a + 1. Give t(6).
7
Let l(o) = 3*o**2 + 3*o - 4. Calculate l(2).
14
Let n(q) = 2*q + 64. Give n(-14).
36
Let r(w) = w**2 + 3*w - 5. What is r(-6)?
13
Let p(t) = -t**3 + 17*t**2 - 59*t - 17. Calculate p(12).
-5
Let b(u) = u**3 - 43*u**2 - 141*u + 139. Calculate b(46).
1
Let m(d) = d**3 - 15*d**2 + 13*d + 2. Give m(14).
-12
Let w(q) = -q**3 - q**2 + 4*q + 3. What is w(-2)?
-1
Let u(r) = 33*r**3 + 2*r - 1. Determine u(1).
34
Let l(p) = 60*p. Determine l(1).
60
Let n(y) = 3*y**2 - y - 1. Give n(-3).
29
Let f(j) = j**3 + 10*j**2 + 13*j - 16. Give f(-8).
8
Let n(m) = -m**3 - 7*m**2 + 19*m + 5. Determine n(-9).
-4
Let w(a) = a**3 + 13*a**2 + 20*a - 20. Determine w(-11).
2
Let o(u) = 5*u**3 - 3*u**2. Give o(2).
28
Let p(b) = 2*b**3 - 10*b**2 - 3. Determine p(5).
-3
Let q(u) = -11*u - 7. Give q(-1).
4
Let p(j) = j**3 + 5*j**2 - 8*j - 9. What is p(-6)?
3
Let h(k) = -k**3 + 13*k**2 - 23*k - 13. What is h(11)?
-24
Let d(p) = -3*p**2 + 49*p + 48. Determine d(-1).
-4
Let t(i) = -i**3 - 5*i**2 + 6*i + 3. Determine t(-5).
-27
Let s(z) = 3*z**3 + z**2 - z - 2. Determine s(2).
24
Let s(m) = -40*m**2 + 2*m - 1. Determine s(1).
-39
Let h(j) = -j**2 + 2*j - 5. Determine h(4).
-13
Let t(o) = -17*o + 238. What is t(14)?
0
Let u(g) = -g**2 + 2*g + 1. Determine u(7).
-34
Let i(f) = -f**3 - 14*f**2 - 13*f - 13. What is i(-13)?
-13
Let g(n) = n**2 - 6*n - 3. Determine g(7).
4
Let s(c) = c**3 + 16*c**2 + 29*c + 2. What is s(-14)?
-12
Let d(l) = -9*l - 5. Calculate d(-4).
31
Let i(g) = -g - 12. Give i(-5).
-7
Let r(h) = -20*h**2 + h - 1. Determine r(1).
-20
Let c(d) = 57*d**2 - 116*d + 6. Calculate c(2).
2
Let u(j) = -j**3 - 18*j**2 - 74*j - 7. What is u(-6)?
5
Let i(a) = -8*a + 206. Calculate i(24).
14
Let p(i) = -5*i + 26. What is p(6)?
-4
Let n(a) = 3*a - 7. Calculate n(-9).
-34
Let l(a) = -3*a + 28. Give l(-11).
61
Let b(v) = -7*v - 9. Give b(-2).
5
Let i(h) = h**2 + 4*h. What is i(0)?
0
Let v(g) = 10*g**2 + 48*g - 7. Determine v(-5).
3
Let q(i) = -i**3 + 4*i**2 - 5*i - 3. Calculate q(2).
-5
Let m(f) = 5*f + 4. Calculate m(-19).
-91
Let a(r) = 6*r - 14. Calculate a(5).
16
Let i(x) = -10*x + 2. What is i(3)?
-28
Let t(b) = 44*b - 174. Calculate t(4).
2
Let p(r) = r**2 - 11*r. Calculate p(13).
26
Let s(k) = 17*k**2 - k. Give s(-1).
18
Let g(q) = -4*q + 76. Calculate g(20).
-4
Let s(o) = o**2 - o + 4. Determine s(-3).
16
Let a(u) = -2*u**3 - u**2 + 3*u - 1. Calculate a(1).
-1
Let i(y) = -y**3 + 12*y**2 + 45*y + 5. What is i(15)?
5
Let l(o) = -5*o + 12. What is l(-3)?
27
Let g(y) = -y**2 + y. Determine g(-1).
-2
Let l(r) = -4*r + 58. Calculate l(15).
-2
Let o(r) = -6*r**2 - 8*r - 8. What is o(-1)?
-6
Let y(s) = -5*s**2 + 67*s - 31. What is y(13)?
-5
Let m(i) = 2*i - 2. What is m(2)?
2
Let s(z) = 3*z**2 - 46*z + 13. Give s(15).
-2
Let u(t) = t**3 - 19*t + 34. Give u(2).
4
Let q(p) = p**3 + 3*p**2 - 11*p - 4. Calculate q(-5).
1
Let u(a) = -a**2 + 15*a - 5. Calculate u(7).
51
Let w(j) = j - 36. What is w(21)?
-15
Let y(r) = -r**2 - 37*r - 254. Give y(-28).
-2
Let g(r) = -r**2 - 52*r - 177. Calculate g(-4).
15
Let s(i) = 2*i**2 + 11*i + 5. What is s(-6)?
11
Let i(w) = w**2 - 2*w - 15. What is i(0)?
-15
Let i(m) = -4*m + 41. Give i(-16).
105
Let o(z) = -6*z + 54. Give o(9).
0
Let s(k) = k**3 - 12*k**2 + 10*k + 1. Give s(11).
-10
Let a(q) = -q**2 - 13*q - 12. Determine a(-10).
18
Let c(z) = -6*z - 8. Calculate c(-7).
34
Let k(y) = -7*y + 33. What is k(3)?
12
Let g(x) = 101*x + 2. Give g(1).
103
Let h(w) = w**2 + 22*w - 51. Give h(-20).
-91
Let u(a) = 2*a**2 + 3*a + 3. Calculate u(-1).
2
Let w(t) = -t**2 + 13*t + 54. Determine w(-3).
6
Let h(x) = 10*x - 16. Give h(7).
54
Let i(n) = -n**3 - 9*n**2 - 6*n - 9. Determine i(-8).
-25
Let h(b) = -b**3 + 13*b**2 + 12*b - 22. Calculate h(14).
-50
Let u(w) = w**3 + 4*w**2 - 9*w - 7. Give u(-6).
-25
Let o(q) = -q**2 - 10*q + 7. What is o(-12)?
-17
Let a(z) = -2*z**2 + 2*z - 1. Determine a(6).
-61
Let x(h) = -10*h - 66. What is x(-8)?
14
Let x(k) = 29*k + 24. What is x(-1)?
-5
Let z(k) = k**2 - 13*k + 6. What is z(12)?
-6
Let z(x) = 18*x + 258. Determine z(-15).
-12
Let c(d) = d**2 + 16*d + 4. What is c(-6)?
-56
Let l(y) = y**3 + 3*y**2 - 2*y + 15. Calculate l(-5).
-25
Let o(m) = -6*m**2 + 4. Give o(3).
-50
Let o(s) = -2*s**2 - 8*s - 10. What is o(-2)?
-2
Let u(w) = -5*w - 2. Determine u(20).
-102
Let v(o) = 4*o - 94. Determine v(24).
2
Let k(d) = -11*d + 10. What is k(3)?
-23
Let n(w) = -w - 14. Calculate n(-6).
-8
Let o(w) = w**3 - 4*w**2 - 10*w + 51. Calculate o(3).
12
Let d(k) = 2*k**2 - 5*k + 4. What is d(6)?
46
Let h(z) = -6*z - 52. Calculate h(-7).
-10
Let h(c) = 2*c - 18. Determine h(-8).
-34
Let w(r) = -r**3 - 7*r**2 - 4*r + 7. What is w(-6)?
-5
Let u(s) = 3*s**2 + 12*s + 15. What is u(-8)?
111
Let z(l) = l**3 - 2*l**2 - 4*l - 1. Determine z(-2).
-9
Let s(r) = 2*r**3 - 2*r**2 - 2*r + 1. Give s(2).
5
Let p(i) = -i**2 - 6*i - 23. Give p(-10).
-63
Let c(g) = -9*g - 50. What is c(-8)?
22
Let z(v) = -4*v - 66. Calculate z(-19).
10
Let o(v) = -v**3 + 7*v**2 - 12*v. Determine o(5).
-10
Let b(t) = -t**3 - 18*t**2 - 3*t - 27. Give b(-18).
27
Let r(x) = x**3 + 2*x**2 - 5*x - 7. Determine r(-3).
-1
Let y(h) = -h**3 - 16*h**2 - h - 12. What is y(-16)?
4
Let n(m) = -m**2 + 9*m - 12. Determine n(5).
8
Let k(v) = -13*v**2. Determine k(1).
-13
Let r(b) = -2*b**2 + 143*b - 209. Calculate r(70).
1
Let v(f) = -35*f + 208. Calculate v(6).
-2
Let f(v) = v**3 + 21*v**2 + 54*v - 11. Calculate f(-18).
-11
Let p(c) = -4*c**3 + 1. Determine p(-1).
5
Let f(x) = -12*x - 521. What is f(-44)?
7
Let y(d) = d**2 + 7*d - 9. Calculate y(-7).
-9
Let u(i) = 2*i**2 + 4*i - 131. Calculate u(-9).
-5
Let u(l) = l - 2. Determine u(-2).
-4
Let d(g) = 3*g + 1. Give d(-10).
-29
Let c(p) = -7*p - 49. Determine c(-22).
105
Let z(q) = -5*q**2 - 39*q + 12. Determine z(-7).
40
Let a(z) = 4*z - 64. Determine a(11).
-20
Let j(m) = -m**2 + 10*m + 10. What is j(12)?
-14
Let t(a) = a**3 - 4*a**2 + 2*a - 4. Give t(3).
-7
Let d(w) = w**3 + 11*w**2 + 17*w - 11. What is d(-8)?
45
Let w(j) = -j**2 + 5*j + 1. Calculate w(6).
-5
Let s(k) = -5*k - 7. Determine s(0).
-7
Let a(r) = -2*r + 15. What is a(12)?
-9
Let b(m) = 3*m + 39. What is b(-11)?
6
Let f(g) = -g**3 - 10*g**2 + 4*g + 13. What is f(-10)?
-27
Let x(q) = -q**3 - 16*q**2 + 18*q - 24. Give x(-17).
-41
Let d(b) = -b**3 - 37*b**2 + 78*b - 5. Calculate d(-39).
-5
Let q(z) = -z**2 + 11*z - 11. Calculate q(16).
-91
Let s(c) = -c + 1. Determine s(4).
-3
Let b(k) = -k**2 + 12*k + 49. What is b(16)?
-15
Let s(v) = v**2 - 3*v - 7. Calculate s(9).
47
Let q(s) = -s**2 + 11*s - 14. What is q(9)?
4
Let z(o) = -4*o - 9. What is z(3)?
-21
Let w(r) = -r**2 + 2*r. Give w(0).
0
Let l(w) = w**3 - 4*w**2 - 5*w - 2. Calculate l(4).
-22
Let o(b) = b**2 - 2*b - 14. What is o(-3)?
1
Let s(y) = y**2 - 5*y - 3. Give s(16).
173
Let h(c) = -4*c**2 + 7*c - 5. What is h(2)?
-7
Let q(i) = -9*i - 29. Determine q(5).
-74
Let n(m) = m**3 - 83*m + 21. Give n(9).
3
Let k(w) = -2*w - 162. Determine k(0).
-162
Let z(y) = 2*y**2 - 24*y - 4. Determine z(8).
-68
Let h(k) = -k**2 - 14*k - 36. Determi